of 7?
True
Is 3468 a multiple of 34?
True
Is 100 a factor of 900?
True
Is 5 a factor of 2020?
True
Is 10605 a multiple of 15?
True
Is 14292 a multiple of 12?
True
Is 2784 a multiple of 71?
False
Is 12 a factor of 660?
True
Is 1470 a multiple of 14?
True
Does 5 divide 78?
False
Is 12 a factor of 28764?
True
Does 35 divide 796?
False
Does 30 divide 1950?
True
Does 4 divide 3395?
False
Is 8 a factor of 236?
False
Does 2 divide 512?
True
Is 12126 a multiple of 46?
False
Is 7 a factor of 12?
False
Does 33 divide 31113?
False
Is 94150 a multiple of 25?
True
Is 148 a factor of 3996?
True
Does 86 divide 10373?
False
Does 134 divide 22422?
False
Does 91 divide 31662?
False
Is 1617 a multiple of 7?
True
Is 4 a factor of 121?
False
Does 74 divide 293?
False
Does 8 divide 173?
False
Is 806 a multiple of 26?
True
Does 30 divide 9120?
True
Is 166 a factor of 33984?
False
Does 36 divide 801?
False
Is 5007 a multiple of 47?
False
Is 18 a factor of 25578?
True
Does 16 divide 12080?
True
Does 19 divide 1031?
False
Is 375 a multiple of 15?
True
Is 11 a factor of 183?
False
Is 17248 a multiple of 49?
True
Is 86 a multiple of 43?
True
Is 12 a factor of 318?
False
Is 224 a multiple of 14?
True
Is 13 a factor of 175?
False
Is 95 a multiple of 5?
True
Is 25 a factor of 5181?
False
Does 38 divide 3158?
False
Is 44835 a multiple of 4?
False
Does 40 divide 1174?
False
Is 297 a multiple of 33?
True
Is 118 a factor of 27290?
False
Does 144 divide 24048?
True
Is 9 a factor of 484?
False
Is 3523 a multiple of 98?
False
Is 5821 a multiple of 4?
False
Is 15 a factor of 1905?
True
Is 46 a factor of 64?
False
Does 29 divide 12325?
True
Is 22 a factor of 2024?
True
Is 18202 a multiple of 19?
True
Does 48 divide 10464?
True
Is 192 a factor of 11904?
True
Is 117930 a multiple of 15?
True
Does 19 divide 57?
True
Is 78 a factor of 11543?
False
Is 858 a multiple of 11?
True
Is 13 a factor of 884?
True
Is 364 a multiple of 14?
True
Is 9 a factor of 10802?
False
Does 184 divide 5016?
False
Is 7502 a multiple of 22?
True
Is 10 a factor of 210?
True
Does 111 divide 3552?
True
Is 34706 a multiple of 61?
False
Does 14 divide 68927?
False
Is 1035 a multiple of 23?
True
Is 1350 a multiple of 75?
True
Does 353 divide 50126?
True
Is 4184 a multiple of 27?
False
Is 6 a factor of 1183?
False
Is 5 a factor of 230?
True
Does 212 divide 37736?
True
Is 17 a factor of 6077?
False
Is 231 a multiple of 11?
True
Is 1836 a multiple of 12?
True
Is 387 a multiple of 96?
False
Is 123 a factor of 1178?
False
Is 19 a factor of 893?
True
Is 5 a factor of 210?
True
Is 25 a multiple of 2?
False
Is 1738 a multiple of 48?
False
Is 10 a factor of 43270?
True
Does 218 divide 47448?
False
Is 31 a factor of 974?
False
Is 7 a factor of 33880?
True
Does 18 divide 702?
True
Does 83 divide 581?
True
Is 42 a factor of 12852?
True
Is 8821 a multiple of 68?
False
Is 126 a multiple of 14?
True
Is 1960 a multiple of 5?
True
Does 7 divide 126?
True
Is 142 a factor of 852?
True
Is 41820 a multiple of 34?
True
Is 33 a factor of 32642?
False
Is 28 a factor of 271?
False
Does 48 divide 1440?
True
Does 42 divide 2604?
True
Does 21 divide 11781?
True
Is 23 a factor of 61411?
False
Is 10790 a multiple of 166?
True
Is 55 even?
False
Is 2632 a multiple of 8?
True
Does 9 divide 38322?
True
Does 14 divide 44468?
False
Is 1014 a multiple of 13?
True
Does 279 divide 69504?
False
Does 26 divide 2990?
True
Is 2 a factor of 52?
True
Does 9 divide 1373?
False
Does 61 divide 1123?
False
Is 14 a factor of 21112?
True
Does 20 divide 1820?
True
Is 19 a factor of 2702?
False
Does 12 divide 4536?
True
Is 600 a multiple of 3?
True
Is 2916 a multiple of 5?
False
Does 63 divide 2513?
False
Is 20768 a multiple of 11?
True
Does 25 divide 793?
False
Is 2028 a multiple of 13?
True
Is 15 a factor of 105?
True
Is 29 a factor of 1325?
False
Is 43 a factor of 1211?
False
Does 6 divide 8891?
False
Does 23 divide 45?
False
Is 4488 a multiple of 6?
True
Is 1066 a multiple of 162?
False
Is 25 a factor of 7325?
True
Is 11025 a multiple of 49?
True
Is 126564 a multiple of 106?
True
Is 65 a factor of 4225?
True
Is 2898 a multiple of 103?
False
Is 1440 a multiple of 6?
True
Is 15 a factor of 1396?
False
Is 52 a multiple of 7?
False
Is 10549 a multiple of 186?
False
Is 47 a multiple of 8?
False
Is 630 a multiple of 45?
True
Does 14 divide 140?
True
Is 76837 a multiple of 26?
False
Does 40 divide 280?
True
Is 9373 a multiple of 103?
True
Is 58 a factor of 3439?
False
Is 662 a multiple of 5?
False
Is 75639 a multiple of 15?
False
Is 38 a factor of 6048?
False
Is 74 a multiple of 4?
False
Is 18011 a multiple of 83?
True
Is 53249 a multiple of 6?
False
Is 6 a factor of 306?
True
Is 7172 a multiple of 163?
True
Is 3832 a multiple of 58?
False
Is 793 a multiple of 11?
False
Does 6 divide 366?
True
Does 72 divide 360?
True
Is 5 a factor of 380?
True
Is 1963 a multiple of 10?
False
Does 13 divide 20171?
False
Does 70 divide 3990?
True
Is 177 a factor of 3009?
True
Does 23 divide 6191?
False
Is 50008 a multiple of 133?
True
Does 111 divide 7714?
False
Is 4 a factor of 1510?
False
Is 24 a factor of 2394?
False
Does 17 divide 3002?
False
Is 341 a factor of 102719?
False
Is 609 a multiple of 21?
True
Is 48980 a multiple of 22?
False
Is 17 a factor of 714?
True
Is 1671 a multiple of 11?
False
Does 6 divide 14316?
True
Is 280 a multiple of 14?
True
Does 10 divide 2259?
False
Is 11550 a multiple of 66?
True
Does 9 divide 3844?
False
Is 18 a factor of 396?
True
Is 19 a factor of 40476?
False
Does 14 divide 476?
True
Is 7 a factor of 3535?
True
Is 16 a factor of 176?
True
Is 1034 a multiple of 47?
True
Does 8 divide 5640?
True
Is 30 a multiple of 30?
True
Is 31 a factor of 10292?
True
Does 4 divide 84?
True
Is 74052 a multiple of 11?
True
Is 20 a factor of 1340?
True
Is 7105 a multiple of 35?
True
Does 9 divide 441?
True
Is 4647 a multiple of 54?
False
Is 972 a multiple of 36?
True
Does 5 divide 2150?
True
Is 16 a factor of 1616?
True
Is 259 a factor of 16835?
True
Is 11316 a multiple of 41?
True
Is 2071 a multiple of 14?
False
Is 360 a multiple of 12?
True
Does 6 divide 1128?
True
Does 98 divide 1470?
True
Does 52 divide 6235?
False
Is 14 a factor of 3280?
False
Is 101 a factor of 2558?
False
Does 78 divide 2730?
True
Is 11020 a multiple of 19?
True
Does 35 divide 23485?
True
Is 969 a multiple of 6?
False
Is 105 a factor of 137?
False
Is 141 a factor of 30269?
False
Is 68 a factor of 12093?
False
Does 58 divide 44196?
True
Does 15 divide 990?
True
Does 37 divide 577?
False
Is 7370 a multiple of 22?
True
Is 5632 a multiple of 44?
True
Does 14 divide 10516?
False
Is 21 a factor of 783?
False
Does 13 divide 468?
True
Does 20 divide 33440?
True
Does 45 divide 8925?
False
Does 17 divide 782?
True
Does 28 divide 448?
True
Is 88 a factor of 339?
False
Is 75 a factor of 1019?
False
Is 370 a multiple of 4?
False
Does 17 divide 208?
False
Is 19 a factor of 9310?
True
Is 9 a factor of 304?
False
Is 2574 a multiple of 25?
False
Is 287 a multiple of 3?
False
Is 41 a factor of 1435?
True
Does 2 divide 787?
False
Is 984 a multiple of 17?
False
Is 840 a multiple of 10?
True
Is 28 a factor of 9431?
False
Is 9 a factor of 296?
False
Does 369 divide 98886?
False
Is 1760 a multiple of 32?
True
Is 26 a factor of 53768?
True
Is 7638 a multiple of 114?
True
Does 204 divide 10812?
True
Is 6 a factor of 6174?
True
Does 30 divide 265?
False
Is 707 a multiple of 59?
False
Is 14 a factor of 4613?
False
Is 31178 a multiple of 238?
True
Is 3 a factor of 17364?
True
Is 89 a factor of 29815?
True
Is 51 a factor of 781?
False
Is 71 a factor of 746?
False
Does 16 divide 128?
True
Is 20 a factor of 589?
False
Is 4 a factor of 9304?
True
Does 12 divide 1044?
True
Does 16 divide 30976?
True
Is 3285 a multiple of 73?
True
Is 28797 a multiple of 24?
False
Is 53856 a multiple of 352?
True
Is 2414 even?
True
Does 15 divide 1440?
True
Does 79 divide 33259?
True
Does 43 divide 5203?
True
Is 18326 a multiple of 15?
False
Is 22 a factor of 16126?
True
Does 18 divide 6743?
False
Does 66 divide 31152?
True
Is 7 a factor of 118?
False
Is 5 a factor of 916?
False
Does 3 divide 314?
False
Is 18 a factor of 3136?
False
Is 2670 a multiple of 6?
True
Does 17 divide 1904?
True
Is 54488 a multiple of 10?
False
Does 9 divide 3231?
True